m - p + k*p = -5, 23 = m - 5*p. Suppose -2*r + 470 = m*r. Is r a composite number?
True
Let y(d) = -d**3 + 5*d**2 - 2*d + 10. Let m be y(5). Suppose 2*h - 6*h - j = -845, m = h + 5*j - 197. Let r = h + -27. Is r a prime number?
False
Suppose -4*n + 8*n = 0. Let c(q) = -q**2 + 17*q - 25. Let d be c(15). Suppose -d*g + 2585 = -n*g. Is g a composite number?
True
Let f = 71543 - 39874. Is f composite?
True
Let d(i) = -5*i - 4*i**3 + 3*i**3 - 1 + 6*i**3 - 4*i**3. Is d(4) composite?
False
Let q be (-15)/10 + 126/4. Let j = 61 - q. Suppose 2*r + 3*d + 2*d = j, 0 = -3*r - d + 14. Is r composite?
False
Let h(v) = -v**3 + 4*v**2 - 2*v. Let c be h(2). Let l(g) = 165*g**2 - 5*g - 1. Let x be l(c). Is (-2)/6*x/(-9) a composite number?
False
Let h(s) be the first derivative of -19*s**3/6 - 3*s**2/2 + 7*s - 7. Let m(p) be the first derivative of h(p). Is m(-8) prime?
True
Let f be (-19)/(-7) + (-4)/(-14). Let l be 12 + 6 - (2 + -1). Suppose -l + 386 = f*r. Is r prime?
False
Suppose 157 = -2*m - 927. Let l = 91 - m. Is (3/(-9))/((-1)/l) a composite number?
False
Let w(j) = 162*j**2 + 3*j + 11. Let p be w(7). Suppose 0 = -5*c + 135 + p. Is c prime?
True
Let z(f) = 12*f**2 + f + 10. Let k be (-106)/(-22) - (-14)/77. Suppose 3 + 12 = k*o. Is z(o) composite?
True
Suppose 20*s - 43*s = -88849. Is s a composite number?
False
Let r(j) = 447*j**2 - 2*j - 17. Is r(-6) a composite number?
False
Suppose 2*i - 529995 = -13*i. Is i prime?
False
Suppose -19*n = 3*i - 17*n - 140651, 0 = -2*n - 10. Is i composite?
True
Suppose 3*m - 361 - 56 = 0. Let z = 519 + m. Let p = z - 249. Is p a prime number?
True
Let p(t) = 3*t**3 - t**2 + t - 2. Let i be p(2). Suppose 32 + i = 2*z. Let l = z + 101. Is l a composite number?
False
Suppose -4*l - g = 4*g - 1744, -5*g = 2*l - 882. Suppose -5*b + r + l = -3*b, -411 = -2*b + 5*r. Is (b/5)/(6/15) a prime number?
True
Let o(r) be the first derivative of 9*r**2/2 - 3*r - 1. Let q be 48/21 + (-4)/14. Is o(q) a composite number?
True
Suppose 9*m - 78 + 222 = 0. Let u(q) = -q**3 - 12*q**2 + 12*q - 35. Is u(m) prime?
True
Let z(v) = -7*v - 1115. Let f(l) = -16*l - 2230. Let c(w) = 3*f(w) - 7*z(w). Let g be (-2)/(-6) + 2/(-6). Is c(g) a prime number?
False
Let y(f) = 16*f**2 + 184*f + 11. Is y(-18) composite?
True
Is (4/(-30) - (-1853648)/960)*4 a composite number?
False
Let v = 41 - 39. Suppose 0 = -v*r - 2*z - 59 + 475, 1047 = 5*r - 2*z. Is r a prime number?
False
Suppose -5*q + 18 = 28. Is 4154 + q*(-4)/16*-2 composite?
False
Is 3/6 + 16565/10 prime?
True
Let k = -71 + 61. Let y(v) = -231*v + 7. Is y(k) a composite number?
True
Let u(a) = 2*a**3 - 18*a**2 - 5*a - 21. Let i(b) = -3*b**3 + 19*b**2 + 6*b + 20. Let l(z) = -3*i(z) - 4*u(z). Let c be l(-16). Let r = c + 531. Is r prime?
False
Let y be (8/(-14))/((-14)/49). Let r(q) = -35*q**2. Let a be r(y). Let n = a + 441. Is n a composite number?
True
Let z(o) = 12*o**2 - 26*o + 71. Let u(h) = 4*h**2 - 9*h + 24. Let i(f) = -17*u(f) + 6*z(f). Is i(-8) prime?
False
Suppose 2*z = 5*z + 5*p - 1466, -522 = -z + 5*p. Let t = z - 274. Is t composite?
False
Suppose 4*h = 4*f - 2*f - 4, -4*h = f - 8. Let o(c) = 181*c + 13. Is o(f) a composite number?
True
Suppose -5*n + 39 = -2*n. Let b(t) = 50*t - 15. Is b(n) a composite number?
True
Suppose -28*z + 24*z = -6544. Is (11/22)/(2/z) prime?
True
Let y(o) = o**3 + o**2 - o + 1. Let h be y(1). Suppose h*k + 966 = 2740. Is k composite?
False
Suppose -39 - 61 = 4*t. Let i be (-12)/(-3 - (47/(-10) + 2)). Let d = t + i. Is d a composite number?
True
Let i(b) = -8*b**2 - 4*b - 5. Let g be i(-6). Let d = g + 942. Is d prime?
True
Let o be (4/12)/((-3)/(-36)). Suppose -o*u + 148 + 62 = d, -2*d + 408 = 2*u. Suppose g - 429 = -4*z, -2*z + d = -4*g + 2*g. Is z a composite number?
True
Suppose 0 = 3*u - 2*m - 2644, 0 = -2*u + 2*m - m + 1763. Suppose 268 + 366 = -2*i. Let w = u + i. Is w composite?
True
Let b(i) = 96*i + 14. Let h be b(6). Suppose -4*g = h - 4866. Is g composite?
False
Let a be 3/9 + 866/(-6). Let z be 4155/(-10)*4/(-6). Let n = a + z. Is n a composite number?
True
Let s(n) = n**3 + 4*n**2 + 11*n - 17 - 4 - 14*n**2. Is s(14) a composite number?
True
Let m(s) = 44*s**2 + 13*s + 1. Is m(-10) composite?
False
Let w be (-2)/(-8) - (-251)/4. Let k = 27 + -26. Is w/1 - (-3 + k) composite?
True
Let c(h) = 4*h**2 + 7*h + 13. Let y(u) = -u**3 + 2*u**2 + u - 2. Let b be y(-2). Is c(b) a composite number?
False
Let t(u) = 60*u - 14. Let n(s) = -58*s + 15. Let k(p) = 5*n(p) + 6*t(p). Suppose -y = -2*y + 5. Is k(y) a prime number?
False
Let z = 2545 - 1721. Let w = z - 489. Is w a composite number?
True
Let z(g) = 6*g**2 + 4*g + 4. Let a be z(-2). Suppose -16*y + a*y = 1564. Is y composite?
True
Suppose -5*o + 0*o - 25 = 0. Let w(k) = -89*k + 10. Let r be w(o). Suppose -2*x - r + 1403 = -2*c, 2*x - 5*c - 963 = 0. Is x a prime number?
False
Let d(j) = 3. Let s(k) = -k + 10. Let p(o) = -7*d(o) + 2*s(o). Let i be ((-7)/14)/((-2)/(-28)). Is p(i) a composite number?
False
Is 0/7 - -51963 - -4 prime?
False
Let i = -831 - -1564. Let b(w) = 7*w - 94. Let y be b(-14). Let k = y + i. Is k a composite number?
False
Suppose -5*l = -22*l + 446267. Is l a composite number?
False
Suppose -5*l = -2*r + 8 - 61, -5*r - l = 65. Let i = 46 - r. Is 1*i - (-4 + 6) prime?
False
Suppose 5*f - 57620 = 5*v, -4*f - 71*v = -73*v - 46086. Is f prime?
True
Let o = -12 + 1. Let t(h) be the third derivative of -17*h**4/24 + 4*h**3 - 4*h**2. Is t(o) a composite number?
False
Let h(p) = 3*p**2 + 7*p + 4. Let i be h(-2). Suppose i*r - 77 = -u, -3*u - 5*r + 88 + 146 = 0. Is u composite?
False
Is (5 + (-44)/8)*-1114 prime?
True
Let d(h) = 17*h**3 - h**2 + 2*h - 1. Let t be d(1). Let b = t - 2. Is b prime?
False
Let x(m) = 1 - 4 - 2 + 2*m + 3*m**2 + m - 12*m**3. Is x(-3) composite?
False
Let u(c) = -332*c + 2. Let t be u(-5). Suppose -7*v + t = -3077. Is v prime?
True
Let y be (7 - 5) + -4 + 4. Let b(o) = 2 + 1 + 134*o - 6. Is b(y) a composite number?
True
Suppose 0 = 5*v + 5*h - 110625, -2*h + 4*h - 22129 = -v. Is v a composite number?
True
Let t(a) = -a**2 - 204*a - 93. Is t(-55) a prime number?
False
Suppose 1024651 = 59*j - 2194330. Is j a prime number?
True
Suppose 492129 - 121462 = 11*b. Is b a prime number?
False
Let x(c) = -c**3 - 4*c**2 - 3*c. Suppose 3*v - 2*a + 7 = 0, 0 = 2*a + 3 - 1. Let b be x(v). Suppose b = -q + 4 + 17. Is q a composite number?
True
Suppose -6*t - 18 + 78 = 0. Suppose -t*h + 750 = 80. Is h a composite number?
False
Let g(r) = r**3 - 29*r**2 - 54*r + 41. Is g(40) composite?
True
Suppose 5*i + 0 - 12 = -j, 3*i = 9. Let x be ((-32)/(-12) + j)*-6. Suppose -3*u + g = -451, 2*g = x*u - 386 + 80. Is u a prime number?
True
Suppose -15*v - 19371 = -18*v. Is v a prime number?
False
Let s = 38053 + -25026. Is s a prime number?
False
Suppose -15*v + 3557 = -2128. Is v prime?
True
Suppose -42 = -3*z - 42. Suppose 12*r - 9*r - 1257 = z. Is r a prime number?
True
Suppose 4*v = 5*t + 1872, -2*v - 2*t = v - 1427. Suppose 0 = -3*n + 5*m + 247, -5*m = 4*n - v + 97. Is n composite?
False
Suppose -5*d = 3*k - 22, 9*k = -d + 4*k. Suppose 2*y + 71 = w - 94, d*y = 5*w - 805. Is w a prime number?
True
Let s = 2 - -20. Let x(l) = -l + 10. Let p be x(4). Suppose -4*d + p*d = s. Is d a prime number?
True
Let c = -10753 + 15652. Suppose -9*z + c = -6*z. Is z composite?
True
Let u be ((-30)/45)/(1/(-3)). Let a be (-3)/(u - -1)*-1. Is a/2 + (-1170)/(-20) a composite number?
False
Suppose -12 = 2*p + 2*p. Is 2053 + 0/(-3 - (-2 + p)) a composite number?
False
Let s = 51771 + -4720. Is s prime?
True
Suppose 0 = 2*l - l - 2. Suppose -3*s + l = 5. Is 288/12 + s/(-1) prime?
False
Suppose 3*k = -9*k + 5988. Is k composite?
False
Let i(u) = 5*u**2 - 6*u + 1. Suppose -22 + 4 = 2*q. Let f = 13 + q. Is i(f) prime?
False
Suppose 0 = -5*f + 5444 + 14391. Is f a composite number?
False
Let c = 4 - 10. Let q(x) = -x**2 - 5*x + 8. Let y be q(c). Is (262/(-8))/(y/(-8)) a prime number?
True
Let j = 43 - 28. Suppose -4*c + 15 = -4*i + 3*i, -i = 2*c - j. Suppose -4*s - 3*v + 282 + 2465 = 0, -3410 = -c*s + v. Is s prime?
True
Let g(u) = 19*u**2 - 20*u - 18. Let x(t) = t + 1. Let j(f) = -6*f**2 + 12*f + 11. Let s(p) = j(p) - 5*x(p). Let n(h) = 4*g(h) + 11*s(h). Is n(-4) prime?
False
Suppose 0 = 2*m - 7*m - 1665. Let y(b